)/(-3) - 3)/(2/(-308)). What is the greatest common factor of m and 112?
14
Let r be -96*((-4)/24 + (-2)/6). Let c be -15*(46/(-20) - (-3)/2). What is the greatest common factor of c and r?
12
Let r = -9 + 43. Calculate the highest common divisor of r and 85.
17
Suppose 0 = 3*v - 13 - 2. Suppose 2*j = -5*k + 14, -12 = -j - 0*j - v*k. Calculate the highest common factor of 6 and j.
2
Let m(z) = 0 + 0 - z. Let d be m(-6). Let h = 27 + -18. Calculate the greatest common divisor of h and d.
3
Let m be 3/2 + (-3)/2. Suppose t + 10 - 14 = m. Calculate the highest common divisor of 6 and t.
2
Let m be (-40)/((-39)/6 + 6). Calculate the greatest common factor of m and 48.
16
Suppose 84*a - 1 = 85*a. Let z be (19 - a) + 39 + -39. Calculate the highest common factor of 40 and z.
20
Let u be 5/20*(3 - -505). Suppose -2*f + 65 = 5*w, u = 5*f + 2*w - 67. Calculate the greatest common divisor of 20 and f.
20
Let x(l) = l**3 + 5*l**2 - 6*l + 9. Let r be x(-6). Let m be (-6)/(-27) + 295/r + 2. What is the highest common factor of m and 35?
35
Suppose 0*f + 4*f - 122 = -2*c, -4*f - 4*c + 128 = 0. What is the highest common factor of 319 and f?
29
Let n be (-1)/4 + (-113)/(-4). Let g(z) = -142*z + 876. Let l be g(4). What is the greatest common factor of l and n?
28
Let m = 203 + -142. Let y = m + 44. What is the greatest common divisor of y and 15?
15
Let k be ((-5 - 4)*-1)/((-6)/(-8)). Let i(a) = -3*a**2 - 2*a - 1. Let o be i(-2). Let b be o + k - 12/(-2). What is the highest common factor of b and 27?
9
Suppose 0 = 128*q - 123*q - 40. Calculate the greatest common divisor of 2 and q.
2
Let s be (-5 + 4)*7/(-1). Suppose -1 = -s*u + 6. Calculate the greatest common factor of u and 10.
1
Let d(p) = p**3 + 20*p**2 + 20*p + 47. Let k be d(-20). Let f be 2/(-2 + -2)*2 - k. Calculate the highest common factor of f and 22.
22
Let j(p) = 6*p + 1. Let g be j(0). Calculate the greatest common factor of g and 19.
1
Let o = 1577 + -1055. Suppose -2021 + 107 = -33*i. Calculate the highest common factor of o and i.
58
Let h(k) = -2*k**3 + 10*k**2 + 11*k + 8. Let r be h(6). Suppose x = -3*l + r*x + 6, -2*x + 6 = 3*l. Calculate the greatest common divisor of 26 and l.
2
Let l = 4 - -9. Suppose l = 2*v + 1. Calculate the greatest common divisor of 48 and v.
6
Let t(s) = -4*s - 17. Let o(b) = b**2 - 8*b - 34. Let u(m) = 3*o(m) - 5*t(m). Let f be u(4). Calculate the highest common factor of f and 135.
15
Suppose -14 = b + 3*q, 2*q + 18 = 2*b + 6. Calculate the greatest common factor of b and 75.
1
Let a(d) = -6*d - 42. Let h be a(-19). Let r(z) = 4*z**2 + 3*z - 2. Let l be r(-2). Calculate the highest common divisor of l and h.
8
Let k be -1 - -1 - (-2 - -2). Suppose 0*x - 3*x + 36 = k. Let b(l) = l + 1. Let c be b(x). Calculate the greatest common factor of c and 39.
13
Suppose 3 - 11 = -2*j. Suppose 2*l = -l. Suppose l = j*h - 44 - 28. What is the greatest common factor of 27 and h?
9
Suppose 0 = 207*b - 188*b - 304. Calculate the highest common divisor of 2048 and b.
16
Let w = 125 + -108. Let n be 409 + 2 + (1 - 0). Let g = n - 259. Calculate the highest common divisor of g and w.
17
Let o = -119 - -227. Let u = 10 + 2. What is the highest common divisor of o and u?
12
Suppose 4*g = 3*f - 196, -4*f + 3*g - 40 = -299. Let k = 1016 - 1008. Calculate the highest common divisor of f and k.
8
Let r be ((-648)/(-32))/((-3)/(-72)). Suppose -5*t = t - r. What is the highest common factor of t and 9?
9
Let u = 10 - 6. Suppose 0 = u*f + 5*w - 32, 2*w = -f + 6*w + 8. Suppose 0 = 3*l - 2*k - 50, k - f = -3*k. What is the highest common divisor of 45 and l?
9
Let m(l) = -23*l + 4. Let p be m(-1). What is the greatest common factor of 81 and p?
27
Let p(g) = -g**3 + 24*g**2 + 53. Let v be p(24). What is the greatest common divisor of 1643 and v?
53
Let u(k) = -13*k**3 - k**2 + 2*k + 2. Let x be u(-1). Let a be (-478)/(-8) - 4/(-16). What is the highest common factor of x and a?
12
Let j = 1981 + -924. What is the greatest common divisor of 7 and j?
7
Suppose 324*a + 3264 = 336*a. Calculate the highest common divisor of a and 32.
16
Let f = -2357 + 2358. What is the greatest common divisor of 29 and f?
1
Let s = -85 + 190. Calculate the highest common divisor of 175 and s.
35
Suppose -2*j + 300 = -2*h, 2*h + 150 = j + 6*h. Let p = -17 + 77. What is the highest common divisor of p and j?
30
Let m(c) = 6*c - 4. Suppose 3*u + 5 = 17. Let x be m(u). Calculate the greatest common factor of x and 8.
4
Suppose -11*v + 149 - 61 = 0. Calculate the highest common divisor of 1 and v.
1
Suppose -c = -5 - 1. Let s(u) = 26*u**2 + 72*u - 12. Let g be s(-3). Calculate the highest common factor of c and g.
6
Let r(z) = 5*z**2 - 12*z + 20. Let x be r(5). Calculate the highest common factor of x and 51.
17
Suppose -u + 201 = 2*u. Let b = -64 + u. What is the highest common divisor of b and 6?
3
Suppose 3*h + 9984 = 3*a, -3*a - 3*h - 2*h + 9984 = 0. Calculate the greatest common factor of a and 13.
13
Suppose -5*z + 5*k = -3 - 72, z + 2*k = 0. Let j = 198 + -136. Let a be 5/(-15) + j/6. What is the highest common divisor of a and z?
10
Let z be (-94)/(-16) - 3/(-24). Calculate the highest common factor of 480 and z.
6
Let o = 1547 + -1503. Calculate the highest common divisor of o and 3.
1
Suppose 1067 - 79 = 4*l. Suppose 5*n + 2*a - l = 0, -149 = -3*n - 2*a - 0*a. Calculate the greatest common divisor of n and 14.
7
Let k be 55 + -40 - (6 - -1). Suppose 11*d + 320 = 16*d. What is the highest common divisor of k and d?
8
Suppose 0 = 3*p + 15, 4*k - 4*p - 253 = -89. Let s = 24 - 12. Suppose 5*a - 55 = -2*g, -4*g = -3*a - g + s. Calculate the highest common divisor of k and a.
9
Suppose 5*o - 170 = 10*o. Let g = -21 - o. Calculate the greatest common divisor of g and 104.
13
Let c(z) = -z. Let l be c(-6). Let o be 70/8*(-2 + l). Suppose -2*p - 2*b - b = -31, 4*p - 3*b - o = 0. Calculate the greatest common factor of 44 and p.
11
Suppose 222 = -15*a + 17*a. Let y = 112 - a. What is the highest common divisor of y and 4?
1
Let h = -390 + 406. Calculate the highest common factor of 20 and h.
4
Let k be ((-24)/15)/(12/(-30)). Suppose -o = -k*y + 121, -y = -5*y - 4*o + 96. Calculate the highest common divisor of 29 and y.
29
Let d(r) = r**3 - 13*r**2 - 6*r - 62. Let u be d(14). Calculate the greatest common divisor of u and 30.
10
Let r be -36*(2 + (-22)/4). Suppose 5*a - 80 = -2*w, 0 = -24*a + 23*a + w + 9. What is the greatest common factor of r and a?
14
Let n be -1*((0 - 1) + 2). Let x be 2 - (-3)/(n - -4). Suppose -3*i = 4*z - 10, -5*i - 2*z - x*z + 25 = 0. Calculate the highest common divisor of i and 25.
5
Let f(g) = -g**3 + g**2 - g + 40. Let n be f(0). Let l = -127 + 167. What is the highest common divisor of l and n?
40
Let b = 5 + 8. Let r(z) be the second derivative of 24*z**3 - z**2/2 + 7*z. Let m be r(1). Calculate the greatest common factor of m and b.
13
Let z = -176 - -218. Let p(g) = 2*g**3 - 3*g + 1. Let j be p(2). Let b = j - 4. Calculate the highest common factor of z and b.
7
Suppose -2*l - 2 + 4 = 0. Suppose l = g - 7. Let r = 139 + g. What is the greatest common divisor of 21 and r?
21
Let z be 36/24 - (5 - (-3724)/(-8)). What is the highest common divisor of 12 and z?
6
Let v = -294 + 330. Calculate the greatest common divisor of 45 and v.
9
Let t be (-34)/8 + 3/4*-1. Let h(u) = -2*u**3 - 5*u**2 + u + 12. Let y be h(t). Calculate the greatest common factor of 12 and y.
12
Let k(i) = -i - 1. Let c(m) = 2*m + 2*m**2 + 2*m - 4*m**2 + 8. Let y(w) = -c(w) - 6*k(w). Let u be y(-4). Calculate the greatest common divisor of 176 and u.
22
Let o = -9 - -7. Let v(t) = 26*t**2 + 3*t + 2. Let i be v(o). Let q = i + -56. Calculate the greatest common factor of q and 4.
4
Suppose 0 = -0*w - 3*w + 1071. Suppose 9*c - 181 - 278 = 0. What is the highest common divisor of c and w?
51
Let m = -3 + 5. Suppose 126 = m*t + 30. Calculate the highest common divisor of t and 12.
12
Suppose 5*u - 143 = y + 69, -4*u + 3*y + 174 = 0. Calculate the greatest common factor of u and 14.
14
Let k = -88 + 283. Suppose b = -62 + k. Calculate the greatest common factor of 19 and b.
19
Let w be 2*(-4 - -3) - -2. Suppose -2*y + 4*r + 485 = 3*y, -5*y - 5*r + 440 = w. What is the greatest common factor of 31 and y?
31
Let f =